 a multiple of 4?
True
Does 8 divide 509247756?
False
Is 2731 a factor of 770229392?
True
Is 268 a factor of 5667495?
False
Does 564 divide 7713400?
False
Does 26 divide 3085194389?
False
Is 2026 a factor of 82308276?
True
Is 13 a factor of 787594649?
False
Is 2381062425 a multiple of 3325?
True
Does 17 divide 12035371?
True
Is 27619765 a multiple of 18?
False
Does 69 divide 504735?
True
Is 2559262076 a multiple of 238?
True
Does 4868 divide 1532884520?
True
Is 2170 a factor of 161351310?
False
Is 3 a factor of 4330132?
False
Is 104998249 a multiple of 87?
False
Is 1969 a factor of 24399939?
False
Is 1445847996 a multiple of 8784?
False
Is 318239246 a multiple of 26?
True
Does 404 divide 57031102?
False
Is 402771042 a multiple of 145?
False
Is 130780791 a multiple of 31?
False
Does 1593 divide 586160762?
False
Does 22 divide 603324788?
True
Is 2 a factor of 358978?
True
Is 1518 a factor of 42373452?
True
Is 3691 a factor of 4035191712?
False
Is 145970297 a multiple of 272?
False
Is 177438369 a multiple of 6?
False
Does 25 divide 30886633?
False
Is 2265245500 a multiple of 89?
False
Does 160 divide 4126434?
False
Does 569 divide 6938388594?
False
Is 22144605 a multiple of 35?
True
Does 207 divide 55844110?
False
Is 94 a factor of 50977793?
False
Does 31 divide 50821468?
False
Is 1694 a factor of 117180756?
True
Does 42 divide 34191906?
True
Is 104 a factor of 563409718?
False
Does 103 divide 14836841?
True
Is 26371639 a multiple of 2651?
False
Is 6 a factor of 316003533?
False
Is 22 a factor of 895629856?
True
Is 593405200 a multiple of 2042?
True
Does 470 divide 77033151?
False
Is 181 a factor of 14199021?
False
Is 703 a factor of 754256433?
True
Is 891077407 a multiple of 11?
True
Is 18 a factor of 573271510?
False
Is 128 a factor of 263353472?
True
Is 98539665 a multiple of 28?
False
Is 197 a factor of 356334088?
False
Is 269 a factor of 3267543?
True
Does 451 divide 2204070825?
True
Does 213 divide 636834651?
False
Does 14 divide 3887304?
False
Is 4050359676 a multiple of 3485?
False
Is 340 a factor of 2006442000?
True
Is 994748706 a multiple of 42?
True
Is 468787982 a multiple of 18?
False
Is 1219 a factor of 7426148?
True
Is 8568 a factor of 4527357620?
False
Is 6 a factor of 483334058?
False
Is 163136558 a multiple of 13?
True
Is 13953544 a multiple of 22?
True
Is 52834363 a multiple of 551?
False
Is 565925940 a multiple of 180?
True
Is 258756300 a multiple of 6?
True
Is 10039405 a multiple of 178?
False
Is 5522999058 a multiple of 49?
False
Is 5680752 a multiple of 528?
True
Is 507 a factor of 1898372775?
True
Is 156 a factor of 61517664?
True
Is 19720484 a multiple of 28?
True
Is 3612818688 a multiple of 722?
True
Is 1468 a factor of 1557524128?
False
Does 26 divide 34526076?
True
Is 582 a factor of 4241677718?
False
Is 9437328 a multiple of 12?
True
Is 15155437 a multiple of 11?
True
Is 413 a factor of 249022893?
True
Is 914182391 a multiple of 120?
False
Is 4457094 a multiple of 284?
False
Is 270 a factor of 162724555?
False
Is 484 a factor of 140516665?
False
Is 608 a factor of 427563232?
True
Is 113196023 a multiple of 1543?
True
Is 32 a factor of 137920160?
True
Does 2265 divide 12278565?
True
Is 18 a factor of 20283340?
False
Does 10 divide 35820298?
False
Does 90 divide 18771220?
False
Does 63 divide 298385325?
True
Is 2043 a factor of 54687024?
True
Is 489260002 a multiple of 452?
False
Is 904194 a multiple of 1719?
True
Is 22 a factor of 93279702?
False
Does 551 divide 23968500?
True
Is 169155153 a multiple of 495?
False
Is 1010346945 a multiple of 361?
True
Is 183207748 a multiple of 11?
False
Is 23 a factor of 47935591?
False
Does 22 divide 51175364?
False
Is 25 a factor of 3133566807?
False
Is 198 a factor of 18383197?
False
Is 59242153 a multiple of 121?
False
Is 148641675 a multiple of 1131?
True
Is 178 a factor of 2526628298?
True
Is 80 a factor of 96378000?
True
Is 4052160 a multiple of 160?
True
Is 295416912 a multiple of 3756?
True
Is 74479057 a multiple of 289?
True
Is 110240460 a multiple of 1108?
True
Is 10 a factor of 305431450?
True
Is 249310356 a multiple of 1070?
False
Is 16 a factor of 287179028?
False
Is 3759 a factor of 987203616?
True
Is 1056463584 a multiple of 176?
True
Does 64 divide 6459776?
True
Does 155 divide 62675827?
False
Is 196 a factor of 5651104978?
False
Is 11 a factor of 18138949?
False
Is 22069488 a multiple of 42?
True
Is 13 a factor of 280621250?
True
Is 21251734 a multiple of 34?
True
Does 1079 divide 490472833?
False
Is 139 a factor of 29311208?
True
Is 35664945 a multiple of 1778?
False
Is 218 a factor of 2282678?
True
Is 131 a factor of 9354263?
False
Is 217 a factor of 1283474053?
False
Is 381 a factor of 318972117?
False
Is 520 a factor of 33091760?
True
Does 14 divide 14033656?
True
Is 4 a factor of 42093124?
True
Does 31 divide 164752197?
True
Is 939 a factor of 3963854?
False
Is 1490 a factor of 3796706?
False
Does 3267 divide 1948159956?
False
Is 22 a factor of 50948557?
False
Does 11 divide 3529623?
False
Is 3554160 a multiple of 59?
True
Is 57917066 a multiple of 94?
True
Is 959106567 a multiple of 439?
True
Is 3351 a factor of 272962407?
True
Does 9 divide 107819321?
False
Is 367436931 a multiple of 234?
False
Is 25 a factor of 505550630?
False
Does 3924 divide 486386955?
False
Does 9 divide 57376276?
False
Does 21 divide 1037261064?
True
Does 37 divide 33781575?
False
Does 43 divide 1693441179?
True
Is 22617936 a multiple of 176?
True
Does 6874 divide 3642257640?
True
Does 816 divide 182034096?
True
Does 133 divide 12799049?
False
Does 646 divide 14545336?
True
Is 237 a factor of 39151452?
True
Is 4367911 a multiple of 22?
False
Is 566 a factor of 3380961946?
True
Is 53 a factor of 583204471?
False
Does 5 divide 5907984?
False
Is 11 a factor of 31292120?
False
Is 14 a factor of 196690619?
False
Is 146343204 a multiple of 1764?
True
Does 95 divide 135353245?
True
Is 235 a factor of 88065035?
False
Is 36 a factor of 78922197?
False
Is 268 a factor of 60304522?
False
Does 2664 divide 2322648360?
True
Is 1504178404 a multiple of 857?
False
Does 2708 divide 220693708?
False
Does 1197 divide 11106296?
False
Does 1463 divide 390634369?
False
Is 48 a factor of 8131198?
False
Is 780 a factor of 187298999?
False
Is 473307472 a multiple of 2057?
True
Is 99 a factor of 882262260?
True
Does 1005 divide 79653199?
False
Does 102 divide 963059079?
False
Does 44 divide 161153635?
False
Is 1831303500 a multiple of 5?
True
Is 15369175 a multiple of 575?
True
Does 147 divide 696294606?
True
Is 384562859 a multiple of 5?
False
Is 112 a factor of 2065556138?
False
Is 524635420 a multiple of 773?
False
Is 253527930 a multiple of 1746?
True
Is 282 a factor of 70714320?
True
Is 242 a factor of 47005838?
True
Is 5 a factor of 1670365220?
True
Is 2399 a factor of 146797209?
True
Does 66 divide 52529664?
True
Is 6415210680 a multiple of 1284?
True
Does 147 divide 172027632?
True
Is 1299791444 a multiple of 5435?
False
Does 36 divide 307372824?
True
Is 14 a factor of 539497574?
True
Is 102388340 a multiple of 3691?
True
Is 1066 a factor of 78443423?
False
Does 11487 divide 2242884486?
False
Is 8 a factor of 342689215?
False
Does 53 divide 41626773?
False
Is 67 a factor of 53598675?
False
Is 326122420 a multiple of 52?
True
Does 4 divide 23506981?
False
Does 99 divide 8525979?
True
Does 15 divide 18544769?
False
Is 103 a factor of 708944777?
True
Is 202 a factor of 1337343246?
False
Is 164 a factor of 460935649?
False
Is 39 a factor of 2445956547?
False
Is 12 a factor of 2493334862?
False
Is 435391747 a multiple of 8?
False
Is 5852403 a multiple of 324?
False
Is 14 a factor of 167847178?
False
Is 1620 a factor of 54817560?
True
Does 5486 divide 198812640?
True
Is 1386188445 a multiple of 19?
False
Is 476 a factor of 35797182?
False
Is 12981342 a multiple of 19?
False
Does 4649 divide 622659166?
True
Does 71 divide 84296123?
False
Is 30 a factor of 124571400?
True
Is 726 a factor of 215388740?
False
Does 119 divide 43951460?
True
Does 9 divide 17264699?
False
Is 37331459 a multiple of 122?
False
Does 4 divide 3537256?
True
Is 87699255 a multiple of 21?
True
Is 1441 a factor of 1580024798?
True
Does 25 divide 562348?
False
Is 359 a factor of 3227482?
False
Is 9 a factor of 179150130?
True
Is 1216854052